s divided by 49.
47
What is the remainder when 22596 is divided by 22567?
29
Calculate the remainder when 17989 is divided by 346.
343
Calculate the remainder when 517144 is divided by 439.
2
Calculate the remainder when 3172 is divided by 75.
22
Calculate the remainder when 31211 is divided by 69.
23
Calculate the remainder when 2008 is divided by 14.
6
What is the remainder when 27354 is divided by 1434?
108
What is the remainder when 2076 is divided by 100?
76
Calculate the remainder when 6881 is divided by 78.
17
Calculate the remainder when 23188 is divided by 64.
20
Calculate the remainder when 20042 is divided by 4004.
22
Calculate the remainder when 920140 is divided by 29.
28
What is the remainder when 18604 is divided by 22?
14
What is the remainder when 612863 is divided by 465?
458
Calculate the remainder when 2746 is divided by 29.
20
What is the remainder when 34294 is divided by 5682?
202
What is the remainder when 66867 is divided by 103?
20
What is the remainder when 7227 is divided by 1017?
108
What is the remainder when 24298 is divided by 455?
183
Calculate the remainder when 5983 is divided by 1669.
976
What is the remainder when 11014 is divided by 3662?
28
Calculate the remainder when 98048 is divided by 530.
528
Calculate the remainder when 3846 is divided by 766.
16
Calculate the remainder when 25665 is divided by 313.
312
What is the remainder when 1078 is divided by 113?
61
What is the remainder when 538282 is divided by 47?
38
Calculate the remainder when 2651 is divided by 869.
44
What is the remainder when 8459 is divided by 39?
35
What is the remainder when 67190 is divided by 41?
32
What is the remainder when 121157 is divided by 483?
407
Calculate the remainder when 1179435 is divided by 26.
23
What is the remainder when 2019 is divided by 665?
24
Calculate the remainder when 113449 is divided by 1693.
18
What is the remainder when 480945 is divided by 23?
15
Calculate the remainder when 20877 is divided by 6959.
0
Calculate the remainder when 477295 is divided by 1283.
19
What is the remainder when 13591 is divided by 505?
461
What is the remainder when 1620 is divided by 282?
210
Calculate the remainder when 22413 is divided by 7463.
24
What is the remainder when 41158 is divided by 2743?
13
Calculate the remainder when 2286 is divided by 401.
281
Calculate the remainder when 24051 is divided by 4008.
3
What is the remainder when 222757 is divided by 77?
73
What is the remainder when 47046 is divided by 50?
46
Calculate the remainder when 4080 is divided by 226.
12
What is the remainder when 2392 is divided by 49?
40
What is the remainder when 48919 is divided by 70?
59
What is the remainder when 13130 is divided by 175?
5
Calculate the remainder when 1658 is divided by 74.
30
Calculate the remainder when 77472 is divided by 25.
22
Calculate the remainder when 8062 is divided by 732.
10
What is the remainder when 74592 is divided by 3108?
0
Calculate the remainder when 16721 is divided by 834.
41
What is the remainder when 1246 is divided by 44?
14
What is the remainder when 34700 is divided by 3849?
59
Calculate the remainder when 32098 is divided by 1783.
4
Calculate the remainder when 7353482 is divided by 357.
353
What is the remainder when 1646 is divided by 118?
112
Calculate the remainder when 30794 is divided by 30789.
5
What is the remainder when 734331 is divided by 6?
3
Calculate the remainder when 76011 is divided by 48.
27
Calculate the remainder when 154 is divided by 69.
16
What is the remainder when 10492 is divided by 477?
475
Calculate the remainder when 152862 is divided by 544.
542
What is the remainder when 2939 is divided by 66?
35
Calculate the remainder when 24850 is divided by 6204.
34
Calculate the remainder when 1845 is divided by 258.
39
What is the remainder when 7399 is divided by 2464?
7
What is the remainder when 10241 is divided by 2039?
46
What is the remainder when 5652 is divided by 202?
198
Calculate the remainder when 177767 is divided by 697.
32
Calculate the remainder when 9565 is divided by 38.
27
Calculate the remainder when 5712 is divided by 5623.
89
Calculate the remainder when 43668 is divided by 27.
9
What is the remainder when 3735 is divided by 164?
127
What is the remainder when 736 is divided by 240?
16
Calculate the remainder when 1597 is divided by 46.
33
What is the remainder when 173503 is divided by 3470?
3
Calculate the remainder when 3294 is divided by 29.
17
Calculate the remainder when 10338 is divided by 460.
218
What is the remainder when 92 is divided by 54?
38
What is the remainder when 22879 is divided by 20?
19
Calculate the remainder when 33576 is divided by 287.
284
What is the remainder when 9488 is divided by 650?
388
What is the remainder when 2677882 is divided by 102995?
12
What is the remainder when 1147372 is divided by 77?
72
Calculate the remainder when 4742 is divided by 402.
320
What is the remainder when 2072 is divided by 77?
70
Calculate the remainder when 24554 is divided by 125.
54
Calculate the remainder when 25412 is divided by 8443.
83
What is the remainder when 8960 is divided by 2933?
161
Calculate the remainder when 5677 is divided by 5673.
4
Calculate the remainder when 126180 is divided by 682.
10
What is the remainder when 6284 is divided by 6268?
16
What is the remainder when 206158 is divided by 6?
4
What is the remainder when 39705 is divided by 152?
33
Calculate the remainder when 71441 is divided by 5495.
6
Calculate the remainder when 5248 is divided by 749.
5
Calculate the remainder when 67450 is divided by 29.
25
What is the remainder when 45681 is divided by 26?
25
What is the remainder when 3824 is divided by 224?
16
What is the remainder when 77368 is divided by 1270?
1168
Calculate the remainder when 52819 is divided by 659.
99
Calculate the remainder when 9743 is divided by 696.
695
What is the remainder when 8098 is divided by 690?
508
What is the remainder when 98130 is divided by 19625?
5
Calculate the remainder when 3005 is divided by 699.
209
Calculate the remainder when 143808 is divided by 340.
328
What is the remainder when 4901 is divided by 2436?
29
What is the remainder when 159304 is divided by 42?
40
Calculate the remainder when 26398 is divided by 200.
198
What is the remainder when 33870 is divided by 41?
4
What is the remainder when 1005 is divided by 315?
60
Calculate the remainder when 4873906 is divided by 398.
396
What is the remainder when 7304 is divided by 7291?
13
What is the remainder when 4862 is divided by 1612?
26
What is the remainder when 5348 is divided by 21?
14
What is the remainder when 29918 is divided by 59?
5
Calculate the remainder when 28180 is divided by 385.
75
Calculate the remainder when 8997 is divided by 502.
463
Calculate the remainder when 2948 is divided by 61.
20
What is the remainder when 2017 is divided by 78?
67
What is the remainder when 3050678 is divided by 29?
23
What is the remainder when 725756 is divided by 560?
556
What is the remainder when 31771 is divided by 267?
265
What is the remainder when 3278 is divided by 3162?
116
What is the remainder when 7229 is divided by 2408?
5
Calculate the remainder when 28830 is divided by 534.
528
What is the remainder when 4667 is divided by 96?
59
What is the remainder when 12887 is divided by 5588?
1711
Calculate the remainder when 6600 is divided by 115.
45
Calculate the remainder when 2903 is divided by 14.
5
Calculate the remainder when 1554 is divided by 146.
94
Calculate the remainder when 222104 is divided by 111052.
0
Calculate the remainder when 3858 is divided by 48.
18
Calculate the remainder when 16685 is divided by 5552.
29
What is the remainder when 29518 is divided by 80?
78
What is the remainder when 615292 is divided by 586?
578
Calculate the remainder when 5976 is divided by 81.
63
What is the remainder when 2172014 is divided by 837?
836
Calculate the remainder when 180334 is divided by 12.
10
What is the remainder when 86084 is divided by 62?
28
Calculate the remainder when 44891 is divided by 14961.
8
What is the remainder when 140611 is divided by 167?
164
What is the remainder when 66442 is divided by 49?
47
What is the remainder when 11305 is divided by 5644?
17
Calculate the re